- 5*b**4/8 - 16*b**3/3 + 12. Let j(f) be the third derivative of i(f). What is the units digit of j(-2)?
7
What is the thousands digit of ((-874)/(-19) - (7 + -2))*183?
7
Suppose -5*t + 315 = 2*n, n + 3*n = t + 619. Suppose -2*h = j - 90, 5*j = -5*h + 75 + n. Suppose 3*b - 4 = h. What is the tens digit of b?
1
Let f(w) = -230*w - 256. Let d be f(-7). Let l = 2503 - d. What is the thousands digit of l?
1
Let y be 6/(-4)*14/(-21). Let x be 8 + -11 + -2*(-2 + y). What is the units digit of x*(-8)/((-4)/(2*-2))?
8
Let l(o) = o**3 + 0*o**2 - 4 - 2*o**2 + 2 - o + 0*o. Let w be l(3). Suppose 39 = w*c - 9. What is the units digit of c?
2
Let k(p) = -7 - 16 + 132*p + 15 - 7. Let j be k(2). Let d = j + -110. What is the hundreds digit of d?
1
Let n(l) be the first derivative of -100*l**2 - 64*l + 86. What is the tens digit of n(-5)?
3
Let k(w) = w**3 + 15*w**2 - 19*w - 6. Let n be k(-16). Suppose -38*q = -n*q - 860. Let v = -147 - q. What is the units digit of v?
8
Suppose -h + 63 = -2*n + 5*n, -3*h = -2*n + 42. Suppose 0 = n*y - 5622 - 11535. What is the tens digit of y?
1
Suppose -7*x - 297 = -451. Suppose 2*j - 23*h - 111 = -x*h, -2*h = j - 48. What is the tens digit of j?
5
Suppose -i = -34*d + 1186302, -2*i - 69798 = 15*d - 17*d. What is the ten thousands digit of d?
3
Let x be 0 + (-2972)/(-14) + (-12)/42. Suppose 0 = n + 3*m - 217, 0 = -n + m + 25 + x. What is the hundreds digit of n?
2
Let a(w) = 675*w**2 + 46*w + 96. What is the tens digit of a(-4)?
1
Let d = -2 - -6. Let p = 2591 + -2597. What is the tens digit of 45 - d/(-6)*p?
4
Let j be (-6)/(-3) + (15 - 9). Suppose j*u = -4*u - 5040. Let c = u - -594. What is the tens digit of c?
7
Let x = -179 - -181. Suppose -4*c - 1578 = -3*s + c, -3*c = x*s - 1052. What is the hundreds digit of s?
5
Let p(o) = -o**3 - 3*o**2 + 3*o - 2. Let f be p(-4). Let d(h) = 2*h**3 - 2*h**f + 4 - 5*h**2 - 3 + 3*h - 4. What is the tens digit of d(5)?
8
Suppose 4*r + 3*l - 129900 = 0, 3*l = -r + 17641 + 14825. What is the tens digit of r?
7
Suppose -v = 3 - 5. Let n be 1/(3/v*(-14)/(-483)). Suppose r = -n + 133. What is the units digit of r?
0
What is the tens digit of 328/(-984) - (-1 - 63181/3)?
6
Let b(g) = -g + 9. Let p be b(6). Let i(j) be the third derivative of -j**4/12 + 7*j**3/3 + 84*j**2. What is the units digit of i(p)?
8
Suppose 74 = -41*z + 43*z. Suppose -4*s + 4*l = -4244, -4*l + z - 57 = 0. What is the units digit of s?
6
Suppose -5*r + 0 = 5*d - 30, 0 = -d + 4*r + 1. Suppose -2*a = -d*v + 395, 4*v - 190 - 126 = 3*a. What is the units digit of v?
9
Suppose 23 = g - 3*q - 2*q, 4*g - q - 92 = 0. Suppose d + g = 867. What is the tens digit of d?
4
Suppose 31 = -2*p + 5*o, -5*p + 15*o = 11*o + 52. Let c be ((-16)/20)/(p/20). Suppose -c*k = -5*r + 858, 5*r = r + 3*k + 685. What is the units digit of r?
2
Let b(o) = 22. Let q(t) = t - 22. Let m(u) = 3*u - 44. Let d(i) = -2*m(i) + 5*q(i). Let z(h) = -4*b(h) - 3*d(h). What is the units digit of z(10)?
8
Let z = -1065 + 1024. Let l = 7 - 2. Let j = l - z. What is the units digit of j?
6
Suppose 2 = -3*p + 4*p, h - 4*p - 4161 = 0. What is the units digit of h?
9
Suppose 4*t = -j + 3525, -511*j + 506*j - 5*t = -17565. What is the thousands digit of j?
3
Let w(r) = r**3 - 13*r**2 + 11*r + 20. Suppose 4*z = -2*b + 16, -b + 4*z = b - 32. Let q be w(b). Suppose -q*m + 107 = 11. What is the tens digit of m?
1
Suppose 13*u = 20*u - 77. Suppose 28*v - 11050 = u*v. What is the tens digit of v?
5
What is the units digit of (26898 - 4/2) + -8 + (-6 - -14)?
6
Let o(s) = s**3 - 2*s**2 - 3*s + 2. Let a be o(3). Let k be (-84)/(-39) - 14/91. Suppose 3*j + 108 = a*n, k + 4 = -3*j. What is the units digit of n?
1
Let d be (-2 - -2)/((2 - 3) + -1). Suppose 0 = 3*b - 2*b - c - 529, -4*c - 16 = d. What is the hundreds digit of b?
5
Let s be 1/(-2) - -3*23151/18. What is the tens digit of s/27 + (-10)/(-90)?
4
Let s = -14 - 27. Let z(w) = 10*w**3 - 2*w**2 - 4*w + 5. Let p be z(2). Let a = s + p. What is the tens digit of a?
2
Suppose 0 = -3*l + 7*l + 5*j - 84, 0 = -3*j. Suppose -l*x + 2619 = -216. What is the hundreds digit of x?
1
Let u(y) = 38*y - 5. Let n be (-4)/8 - 15/2. Let s be (-40)/n*4/10. What is the tens digit of u(s)?
7
Suppose -2*x = -5*r + 7166, -x - 5740 = -4*r - 3*x. Let l be ((-6)/(-21))/(22/924). Suppose -r = -9*j - l. What is the tens digit of j?
5
Suppose 101*j + 35*j - 6664 = -0*j. What is the tens digit of j?
4
Suppose 0*c - c + 2 = 0, 4*i + c = -254. Let m be (-4)/16*0 - -23 - -3. Let r = m - i. What is the tens digit of r?
9
Let j be (-6)/10 - (-8766)/(-90). Let g = j + 124. Let a(u) = -u**3 + 25*u**2 + 31*u + 61. What is the hundreds digit of a(g)?
1
Let h be (-5)/(10/(-6)) - -2. Suppose h*x - 2*c + 249 = 6*x, 0 = 3*x + 4*c - 739. What is the hundreds digit of x?
2
Let p = 243 - 195. Suppose 46*c + p = 52*c. What is the units digit of c?
8
Suppose -148728 - 7855277 = -433*u. What is the tens digit of u?
8
Let y be (6/(-2))/(5*3/3855). Let t = y + 1440. What is the tens digit of t?
6
Let m = -759 - -741. What is the units digit of 1687/1 + 3/(m/6)?
6
Let o = 7286 - -1841. What is the hundreds digit of o?
1
What is the units digit of (-5)/1 + 8108 - (8 + -6)?
1
Let k(p) = -29*p - 31. Let r = 175 - 132. Suppose 0 = -r*s + 45*s + 10. What is the hundreds digit of k(s)?
1
Suppose 6*v - v + 2*b = 52, v + 4*b + 4 = 0. Suppose -v*z + 25*z = 1053. What is the tens digit of z?
8
Let b(p) = -p**2 + 7*p - 6. Let x be b(6). Suppose 4*v + 45*v - 61985 = x. What is the hundreds digit of v?
2
Let b = -556 + 705. Suppose -1839 = -152*k + b*k. What is the units digit of k?
3
Let d = 11555 + -6136. What is the hundreds digit of d?
4
Let b(j) = 209*j**2 - 7*j + 2. Let z be b(2). Let q = z + -520. What is the units digit of q?
4
Suppose -13*g + 30880 = -0*g - 218915. What is the hundreds digit of g?
2
Let f be 4*((105/(-12))/5 - -3). Let g(u) = u**2 - 9*u + 11. Let k be g(f). Let i(n) = -5*n - 14. What is the tens digit of i(k)?
3
Suppose 4*q - 3*r = 37397, 10*q = 13*q + 5*r - 28055. Suppose q = 16*o - 6*o. What is the hundreds digit of o?
9
Let u = -4963 + 12306. What is the tens digit of u?
4
Let w = -180 - -190. Suppose -2*o - 304 = -5*d, -4 + w = -3*o. What is the units digit of d?
0
What is the thousands digit of ((-70777)/42)/((-1)/6)?
0
Let k(d) = 13*d - 28. Let f be k(3). Suppose 0 = -f*w + 5*w - 24. What is the tens digit of w - (-157 - (3 - 7))?
4
Suppose 4*a = -12, -2*a = 3*x + 254 - 65. Let p = x + 19. What is the units digit of (p/7)/(-24) + (-494)/(-8)?
2
Let h(m) = 3638*m**2 + 596*m - 1797. What is the thousands digit of h(3)?
2
Let t(k) = 209*k**2 + 25*k + 55. What is the units digit of t(-2)?
1
Suppose 614 - 624 = -2*f. Suppose f*o + 0*k = -k + 5250, -2*o - k + 2103 = 0. What is the hundreds digit of o?
0
Let v = 31 + -14. Suppose 0 = -3*l - 5*p + v, 2*p + 6 = 2. Let o(q) = q**3 - 6*q**2 - q + 5. What is the units digit of o(l)?
9
Let t be (-1)/(-4) + 46/8. Suppose t*j + 0*j + 6 = 0. What is the units digit of (-2 - j)*(-8)/1?
8
Let d(z) = 5*z**2 + z - 107. Let g(u) = 4*u**2 - 107. Let l(m) = 5*d(m) - 6*g(m). What is the hundreds digit of l(-16)?
2
Let c(l) = -l**3 + 7*l**2 - l + 16. Suppose -443 = -5*o - 408. What is the units digit of c(o)?
9
Suppose -329 = w + 5*i, 3*w + i + 987 = -3*i. What is the hundreds digit of (-1)/7*2 - 57669/w?
1
Let d = 39 - -57. Let u = d + -92. Let x(o) = 4*o + 10. What is the units digit of x(u)?
6
Let v(o) be the third derivative of -o**5/60 - o**4/3 + o**3 - 8*o**2. Let l be v(3). What is the units digit of (422/6 - 2) + (-18)/l?
9
Suppose -542*q + 4*p = -541*q - 5927, 0 = q + 5*p - 5882. What is the units digit of q?
7
Suppose l - 27 + 24 = 0. Let g be 374/l*(2 + 1). Let w = -259 + g. What is the units digit of w?
5
Let c(p) = 98*p**3 + p**2 + p - 1. Let j be c(1). Let w = 143 - j. Suppose g = w + 26. What is the units digit of g?
0
Suppose -5*d = -4*p + 5, 2*p + 11*d - 16*d - 15 = 0. Let f = 11 + p. What is the units digit of f?
6
Let p = 45312 - 23898. What is the thousands digit of p?
1
Let v = 2 - -1. Let j(a) = -a + 22*a**2 + 4*a**v - 3*a**3 + 8*a - 25 - 8*a**2. What is the units digit of j(-12)?
9
Suppose 27*k - 17*k - 240 = 0. Suppose 0 = k*w - 22*w - 632. What is the units digit of w?
6
Suppose 0 = -134*z + 172740 